
15
Let g = 5 - 4. Let u be (-11)/(g*(-2 + 1)). Let y be (u/4)/(1/12). What is the greatest common divisor of 11 and y?
11
Let c(f) = 2*f + 8. Let m be c(-10). Let o be 12*2*(-3)/m. What is the highest common divisor of o and 15?
3
Let a = 58 - 32. Suppose -3*r + 33 = 5*n - 3*n, -4*n = -2*r - a. Suppose -2*v + 189 = v. Calculate the greatest common factor of n and v.
9
Let g(d) = -d + 1. Let l be g(-4). Suppose 0 = -2*m - 3*m + l. Let v be m*(48 - -3) + -1. Calculate the greatest common divisor of 10 and v.
10
Suppose 0 = 4*d + 14 + 10. Let m be (-284)/(-10) + d/15. Suppose -2*v + v = -42. What is the greatest common divisor of m and v?
14
Let a(p) = 2*p**2 - 3*p + 2. Let k be a(4). Suppose -3*c + k - 7 = 0. Suppose 0 = -2*g + g + 15. What is the greatest common divisor of c and g?
5
Suppose -2*t + 6*t - 24 = -4*s, -8 = -4*s. Suppose 0 = 3*d - t*i + 3*i - 193, -3*i = 5*d - 303. Calculate the greatest common divisor of 9 and d.
9
Let n(r) = -r**2 - 8*r + 12. Let h be n(-9). Let c = -1 - h. Let m be (1*-4)/(c/12). Calculate the highest common divisor of m and 96.
12
Let r(x) = -x + 9. Let w be r(10). Let m be 1 + w/((-3)/3). Calculate the greatest common factor of 6 and m.
2
Let t(z) = -27*z**3 - 2*z - 4. Let d be t(-2). What is the greatest common divisor of d and 24?
24
Suppose -20 = -0*d - 2*d. Let y be (-103)/(-5) - (-18)/(-30). What is the greatest common divisor of y and d?
10
Let r be (6 + 1)/(5/15). Let u be 12*(-2 - r/(-9)). Suppose u*l + 3*z - 54 = 0, 3*z - 5*z = l - 11. Calculate the highest common factor of 15 and l.
15
Suppose -2*c = -4*u + 4, -u - 2*u = -9. Suppose -c*d - 2*i + 358 = -0*d, 2*d = 4*i + 184. Calculate the greatest common factor of 10 and d.
10
Suppose -50 - 13 = -3*t. Calculate the greatest common factor of 63 and t.
21
Let w be (12/4)/((-12)/(-20)). Suppose 16 = -4*y, -13 = 5*q + w*y - 343. Calculate the highest common divisor of 28 and q.
14
Let q be (-3)/12 + (-146)/(-8). What is the greatest common divisor of q and 144?
18
Let k(h) = 2*h**2 - 2*h + 5. Let b be k(-4). Let j = 89 - b. Calculate the highest common divisor of 22 and j.
22
Let r = -1 + 3. Let b = -3 + 3. Suppose -r*m - 1 = g - b*g, 0 = 3*g + 15. Calculate the highest common divisor of 2 and m.
2
Let u = 7 - 1. Suppose 0 = -4*f + 2*f + u. Calculate the highest common factor of f and 3.
3
Suppose -15*o = -11*o - 72. What is the greatest common divisor of 126 and o?
18
Let v(l) = -l**2 - 4*l + 3. Let g be v(-5). Let x = -1 - g. Suppose 0 = 4*z - 29 + 1. What is the greatest common divisor of x and z?
1
Let o be 190/6 + (-5)/(-15). Let s be o/(-6)*9/(-2). Let b = -4 - -7. Calculate the greatest common divisor of b and s.
3
Suppose -9 = -i - 2*i. Suppose -i*b - 2*b = 15, -2*m + 2*b = -102. What is the greatest common divisor of 6 and m?
6
Let a be (7/3 - 2)*42. Calculate the greatest common divisor of 21 and a.
7
Let p(g) = 7*g**3 - 1. Let k be p(1). Calculate the greatest common divisor of k and 15.
3
Suppose -u + 51 = -59. What is the highest common factor of u and 10?
10
Suppose -p - 2*s - s = -42, 194 = 4*p - s. What is the greatest common divisor of 6 and p?
6
Let m(w) = w + 2. Let u be m(2). Let j(o) = o. Let d be j(u). Suppose -2*f - 2*r + 10 = 0, -f - 2*r + 6 = -0*r. Calculate the highest common divisor of d and f.
4
Suppose r - 27 = -4*v, 4*r - 4 = -v - 1. What is the highest common factor of 7 and v?
7
Suppose 0 = -5*z - 3 - 2. Let s be z/(-3) + 107/3. Suppose 0 = -4*b + 39 + 9. What is the greatest common factor of b and s?
12
Suppose -x = -t + 6*t - 33, -23 = -3*x + 4*t. Let h be (13*-11)/(4 - 5). Calculate the greatest common factor of h and x.
13
Let r = 67 + -43. What is the highest common divisor of 16 and r?
8
Let v(d) = -d**3 - 9*d**2 - 8*d + 15. Let a be v(-8). What is the greatest common divisor of 6 and a?
3
Let j be ((-8)/(-10))/(2/5). Suppose j*t = 59 + 35. Suppose 6*r = 3*y + 2*r - t, -2*r - 28 = -2*y. What is the highest common factor of 63 and y?
9
Let s be (-2)/7 + (-23)/(-7). Suppose 2*y - p = 1, 4 - 5 = s*y + p. Suppose y*l - 2*l = -12. What is the highest common factor of 3 and l?
3
Suppose -13*c + 171 = -4*c. Let j be -1*(-1)/1 - -2. Suppose -10 = 5*v, -2*v - 232 = -j*k - 0*v. What is the highest common factor of c and k?
19
Suppose g = -g + 8. Suppose -4*s + 12 = -2*h, 0*h + 18 = g*s - 5*h. What is the greatest common divisor of 10 and s?
2
Suppose 4*t - 4*m + 10 + 2 = 0, -4*t - 3 = 5*m. Let s(x) = x**2 - x + 1. Let n be s(t). Let j = 2 + -1. Calculate the greatest common factor of n and j.
1
Suppose -2*d + 5*s = -113, 5*d - 192 = 2*s + 122. Suppose -3*v - n = -5*n + 11, v - 23 = -4*n. Suppose m - 5 = v. What is the greatest common factor of d and m?
8
Let t be 6/21 + 178/14. Let r(y) = 0 - y**2 - 2 - 1 + 5*y**2. Let a be r(2). What is the greatest common divisor of a and t?
13
Let c(r) = r**3 + 5*r**2 - 5*r + 3. Let k be c(-6). Let w = 0 - k. What is the greatest common factor of w and 24?
3
Let g(t) = -t + 4. Let q be g(-3). Suppose 3*b = 5*b. Suppose 2*y - 50 = -3*n, 5*n - y + 24 - 90 = b. Calculate the greatest common factor of q and n.
7
Let t = 19 + -12. Suppose 2*f = r - 57, 4*r = -4*f + 2*f + 258. What is the greatest common factor of t and r?
7
Let b(a) = -19*a - 2. Let l be b(-6). Let o be (105/20)/(6/l). What is the greatest common factor of 14 and o?
14
Suppose -r - 28 = -3*r. Suppose 2*q - 14 = -3*k - 0*k, 5*q - 35 = 2*k. What is the greatest common divisor of r and q?
7
Let v(d) = d**3 - d**2 - 3*d + 2. Let q be v(2). Suppose q = -5*i + 10*i - 220. Calculate the greatest common divisor of i and 4.
4
Let a = 7 + -4. Let d(r) = a*r + 4 - 7*r - 5. Let f be d(-1). What is the greatest common divisor of f and 3?
3
Let y be (-8)/(-10)*(-420)/(-3). Calculate the greatest common factor of y and 14.
14
Let c(o) = 17*o - 4. Let f be c(2). Let d be 80/(-6)*(-72)/f. Calculate the greatest common factor of 48 and d.
16
Suppose 0*w - 15 = -5*w. Let x be w/((-6)/(-8)) + 0. Calculate the highest common factor of x and 44.
4
Suppose 4*v + 22 = 330. What is the greatest common divisor of 11 and v?
11
Let n = -10 - -22. Suppose 0*z - 4 = -2*z. Suppose -17 = -z*l + 7. Calculate the greatest common factor of l and n.
12
Suppose d + 5*n + 6 = 0, -2*d - 3*n + 10 = -4*n. Suppose 364 = 3*j - d*a, -3*j - j - a + 479 = 0. Calculate the greatest common factor of 30 and j.
30
Let c = -86 + 133. Let h = 73 - c. Let l be 1/(2/(-6)) + h. Calculate the greatest common factor of l and 92.
23
Let v be (384/(-160))/(6/(-40)). Calculate the greatest common divisor of 480 and v.
16
Suppose 2*s - 2 = 6. Let u be 7/3 - (-7)/((-42)/(-4)). Suppose -u*l = p - 0*p - 21, s*p - 2*l - 126 = 0. Calculate the highest common divisor of p and 45.
15
Let i be (-2)/(10/14 + -1). Let o = 35 - 34. Let y = i - o. Calculate the greatest common factor of y and 3.
3
Suppose 12 = -3*i - 4*x - 46, 54 = -5*i + 4*x. Let n be (i/2)/(-7 - -6). What is the highest common divisor of n and 35?
7
Suppose 4*g + 5*y = 225, -2*g - 2*y + 5*y = -107. Let i(z) = 36*z**3 + z**2. Let l be i(1). Let h = l + -26. What is the highest common factor of h and g?
11
Suppose 4*f + k = 235, -7*f - 4*k = -2*f - 280. Let i be -2 + (3 - f*-2). What is the highest common divisor of 11 and i?
11
Suppose 0 = -2*k - k + 15. What is the greatest common divisor of 1 and k?
1
Let t = -5 + 20. Let w = t - 5. What is the highest common factor of w and 4?
2
Let p(u) = 6*u**3 - u + 1. Let h = 6 + -1. Suppose -2*l + 7*l - h = 0. Let f be p(l). Calculate the greatest common divisor of f and 18.
6
Let z = 3 + 5. Let h = -65 - -73. Calculate the highest common divisor of h and z.
8
Suppose -5*r + 0 = -25. Suppose 0 = -2*z + 47 + 63. Suppose -z = -r*t - 0*t. Calculate the highest common divisor of t and 33.
11
Suppose v + 7 = f, -5*f - v - 4*v - 15 = 0. Calculate the highest common divisor of f and 4.
2
Let d(z) = z**3 - 4*z**2 + 6*z. Let q be d(4). Let u be 4*(-4)/((-16)/6). Calculate the highest common factor of q and u.
6
Let f(z) = z**2 + 9*z - 10. Let l = 20 - 12. Let p be f(l). What is the greatest common factor of p and 14?
14
Suppose -272 = -5*h - f, -5*h + f + 90 = -178. What is the greatest common factor of h and 6?
6
Suppose 0*i - 5*i + 60 = 0. Let f = i + -4. What is the highest common divisor of 